69. What are the prime factors of v?
2, 13
Let a be (0 + -2)/(-2)*0. Let i(c) = -c + 4. Let r be i(a). Let n = r + 6. List the prime factors of n.
2, 5
Let o be (-1 - -3 - -63) + -2. Let v = o - 36. What are the prime factors of v?
3
Let t(f) = -7*f. Let m = -5 - -1. Let w be (-60)/27 - m/18. List the prime factors of t(w).
2, 7
Let x = 129 - 59. Suppose 0*z = 5*z - x. What are the prime factors of z?
2, 7
Let t = 32 - 6. Suppose 0 = -4*s, -o - 14 - 2 = s. Let p = o + t. What are the prime factors of p?
2, 5
Let o = 8 + 22. List the prime factors of o.
2, 3, 5
Let r = 3 + -2. Let z be r/4 - (-20)/(-16). What are the prime factors of z/(1 + 26/(-24))?
2, 3
Let w be (2 - -1)*4*-3. Let m = 70 + w. List the prime factors of m.
2, 17
Let r(k) = 3*k**3 - 3*k - 5. What are the prime factors of r(4)?
5, 7
Suppose 4 + 2 = 2*p. Suppose 10 - 49 = -p*u. What are the prime factors of u?
13
Let s = -1 + 9. Suppose 0 = -2*b + 2, -a + 4*b + 1 = -s. List the prime factors of (a - 2) + 1*-2.
3
Suppose 0 = 4*y - 2*y - 2. Let f = y - -15. List the prime factors of f.
2
Suppose -2 = 5*a - 17, 3*q - 2*a = -3. List the prime factors of 3/(q/(1 - 0)).
3
Suppose -l = -2*n - 13, 0*n = -3*n - l - 7. What are the prime factors of (7 + n)/(9/84)?
2, 7
What are the prime factors of 10*(-4)/((-32)/12)?
3, 5
Let t(b) = -2*b**2 + 4. Let o(y) = -3*y**2 - y + 7. Let u(p) = -3*o(p) + 5*t(p). Let n be u(2). Let g = n - -6. What are the prime factors of g?
7
Let w(b) be the first derivative of -11*b**4/4 + 3. List the prime factors of w(-1).
11
Suppose f + 13 = -3*a + 3*f, 4*f = 2*a + 22. Let u be 2/(-4)*6*a. What are the prime factors of u/(3/2)*4?
2
Suppose 7*f = 2*f - 5. Let d(s) = -29*s. Let n be d(f). Suppose 2*t = -5 + n. List the prime factors of t.
2, 3
Let a(o) = -o**3 + 6*o**2 + 5*o - 3. Suppose d - 4 = n, 4*d - 27 = -2*n + 1. What are the prime factors of a(d)?
3
Let c be (-9 + 3)/(6/(-44)). Let b = 73 + -103. Let f = c + b. List the prime factors of f.
2, 7
Suppose 12 = -3*l + 7*l. Suppose 2*h + l*h = 0. Suppose -3*s + h*s + 27 = 0. List the prime factors of s.
3
Let r be (-204)/(-10) - 2/5. Let w = r - 14. Suppose 2 - w = -2*l. List the prime factors of l.
2
What are the prime factors of -3 + 9 + -2 + 5?
3
Suppose 0*i = -4*i - 16, -5*i - 35 = 5*r. What are the prime factors of 29 + r - 3*-1?
29
Let w = -20 - -1. What are the prime factors of w/(-1)*(2 - 1)?
19
Let h = 7 + -4. Suppose h*s - 10 = 56. Let q = -13 + s. List the prime factors of q.
3
Suppose 0 = 2*x + c - 27, 3*c = 4*x - 65 + 16. Let r(g) = 2 - 3*g + g - x. What are the prime factors of r(-8)?
5
Suppose 2*p + 2*f = p + 14, -5*p + 4*f + 140 = 0. Suppose 0*m - m + 18 = -2*r, -2*m = -r - 24. Let l = p - m. What are the prime factors of l?
2, 7
Suppose -2*g - 10 = -218. List the prime factors of g.
2, 13
Let k be (-4)/16 - (-41)/4. Let d = 6 - k. List the prime factors of d*(-3)/(-9)*-3.
2
List the prime factors of 24 + (0/4)/4.
2, 3
Let p(l) = 4*l**2 + 1. Let h be p(1). Suppose 5*n - 12 = -4*f, -n - 4 - h = -3*f. Let v(z) = -z + 9. List the prime factors of v(n).
3
Let l(d) = d + 6. Suppose -25 = -5*z + 2*a, a - 10 = -2*z + 3*a. List the prime factors of l(z).
11
Let j = -20 + 50. What are the prime factors of j?
2, 3, 5
Let n be ((-10)/(-4))/(3/6). Let k = n + -4. List the prime factors of (1/(-2))/(k/(-28)).
2, 7
Let k(v) = -2*v**3 - v**2 - v. Let y be k(-3). Suppose 3*r + 5*n = y, 3*r - 78 = 6*n - n. What are the prime factors of r?
3, 7
What are the prime factors of 4 + (2 - -10) + 2?
2, 3
Let x = -21 - -58. Suppose -4*c - p + x = 0, -2*c + 3*c - 12 = -3*p. List the prime factors of c.
3
Let q(i) = 8*i + 1. Let x be (-8)/32 + 50/8. What are the prime factors of q(x)?
7
Suppose -2*n + 5*n = 9, 3*t + 2*n = 12. Suppose -t*o - a + 50 = 0, 4*o - 124 = a - 30. What are the prime factors of o?
2, 3
Suppose 3*d + 5*p + 14 = -14, -2*d - 27 = 5*p. Let b be -3*(-2)/(-3) - 2. Let u = d - b. What are the prime factors of u?
3
Let z = 4 + 0. Let a(f) = -z - f**3 + 2*f**2 - 3 + 14*f + 2 + 10*f**2. What are the prime factors of a(13)?
2
List the prime factors of ((-396)/30)/(4/(-30)) - 0.
3, 11
Suppose -5*i - 7 + 62 = 4*z, -72 = -5*z - 3*i. Let d = -7 + 18. Let n = z - d. List the prime factors of n.
2
Let b(h) = -6*h - h - 1 + h - h. Let f be b(-1). Suppose 16 = 2*m - f. What are the prime factors of m?
11
Let j = -93 + 230. What are the prime factors of j?
137
Suppose 0 = -4*u + 2*v - 0*v + 330, -20 = -4*v. List the prime factors of u.
5, 17
Suppose 3*j - 76 = 5. List the prime factors of j.
3
Let g(q) = -10*q**2 + 1. Let c be g(-1). Let j be 16/6 - (-6)/c. Suppose -j*p + 0 = -28. What are the prime factors of p?
2, 7
Let v(h) = 2*h - 12. List the prime factors of v(10).
2
Let u = 42 - 25. Suppose -2*h + u - 1 = 0. List the prime factors of h.
2
Suppose -4*v + 362 = -2*t - 340, 0 = -5*v + 3*t + 877. List the prime factors of v.
2, 11
Let f(q) be the second derivative of q**3/3 - 5*q**2 + 4*q. Let i be f(7). Suppose i*p = -5*j + 80, p = 2*p. List the prime factors of j.
2
Suppose -33 = -3*s - 0. List the prime factors of s.
11
Let j(k) = -k**3 - 2. Let n be 0*(-3)/(-1 + -8). Let m be j(n). List the prime factors of (-1)/(m/(-16)*-1).
2
Let j(v) = -v**2 + 11*v + 3. What are the prime factors of j(9)?
3, 7
Let x(s) = -s**3 - s**2 - s + 207. What are the prime factors of x(0)?
3, 23
Suppose -3*f = -2 - 7. Suppose -f*p = -2*p - 4. Suppose -z - 5 = p*j - 26, 0 = -z + 4*j + 13. List the prime factors of z.
17
Suppose q - 3*w - 879 = -4*q, -3*w = -2*q + 348. What are the prime factors of q?
3, 59
Suppose -g + 183 = -153. List the prime factors of g.
2, 3, 7
Suppose 3*y - 3*w = 24, -y = 2*y + w - 4. Suppose 3*o + y = 4*o. List the prime factors of o.
3
Let z(r) = r**3 - 5*r**2 - 4*r - 10. Let m be z(7). What are the prime factors of ((-8)/(-10))/(8/m)?
2, 3
Let j = -8 + 11. Let k be 1/j + 11/3. Suppose 4 = -k*a + 28. List the prime factors of a.
2, 3
Let u be (-4 - -4)*(-1)/(-2). Suppose u = -2*o + 44. List the prime factors of o.
2, 11
Let j = 841 - 600. List the prime factors of j.
241
Suppose 6 = -6*o + 7*o + 2*v, 0 = -o + 4*v + 36. What are the prime factors of o?
2
Suppose 5*d = 5*o - 20, 0 = -4*o + d + 1 + 3. Suppose o*f + 2*f = 28. What are the prime factors of f?
2, 7
Suppose 751 = 7*b - 257. List the prime factors of b.
2, 3
Let m(s) be the first derivative of -2 - 1/2*s**2 + 14*s. List the prime factors of m(10).
2
Let s = -3 - -4. Let o be (s + -6)*(-4)/5. Suppose -35 = -o*v - v. List the prime factors of v.
7
Let k(j) = j**3 - 9*j**2 - 8*j + 7. What are the prime factors of k(10)?
3
List the prime factors of -12 + 15 - (1 - 20).
2, 11
Let v be ((-10)/20)/((-2)/(-32)). Let n(k) = k**3 + 8*k**2 + k + 11. What are the prime factors of n(v)?
3
List the prime factors of ((-3556)/21)/((-4)/6).
2, 127
Let k(t) = -t**2 - 8*t. Let n be k(-8). Suppose -3*l = 2*z - 112, -3*z - 2*l + 103 + 75 = n. Let h = -44 + z. What are the prime factors of h?
2, 3
Suppose 10*t = 6*t + 36. Suppose -3*h - t = 0, -5*o + 192 = h - 5*h. Suppose -4*x + 7*i - 4*i = -57, 4*i + o = 2*x. What are the prime factors of x?
2, 3
Suppose v - 16 = 3*y, y + 32 = -3*y + 4*v. Let h(u) = -5*u - 2. What are the prime factors of h(y)?
2, 3
Suppose 0 = 3*c + 17 - 140. Suppose -c = -2*i - 9. List the prime factors of i.
2
Suppose -5*i = 12 - 2. Let j = 5 + i. What are the prime factors of j?
3
Let s = 11 - 21. Let v = 9 - s. What are the prime factors of v?
19
Let y = -1 - -2. What are the prime factors of y*-2*(4 + -6)?
2
Let u be 1/(-2 - -1)*8. Let y be (-3)/(-12) - 86/u. Suppose -5 = q - y. List the prime factors of q.
2, 3
Let d = 3 + -4. Let k = d - -18. Suppose 2*r - 15 = 3*u, -2*r + k = -0*u - u. List the prime factors of r.
3
Suppose 3*f + 9 = t + 32, -6 = -f + 2*t. Suppose 0*x + f = 2*x. What are the prime factors of (-1)/(-2) - (-26)/x?
7
Let g(y) be the third derivative of y**4/12 + 2*y**2. Let h be g(2). Suppose 3*f + 2*f - 110 = -5*j, -2*j = -h*f + 64. What are the prime factors of f?
2, 3
Let f(j) = j + 1. Let b be f(4). Suppose -110 = b*z - k, -4*k = k + 25. Let h = 33 + z. List the prime factors of h.
2, 5
Let n(f) = -f - 1 - 1 + 1. Let l be n(-6). Suppose -l*h = -4*k - 0*h + 56, -2*k + h = -22. What are the prime factors of k?
3
Let s(z) = -2